13559?
3, 7, 23, 3391
List the prime factors of 2207547.
3, 81761
List the prime factors of 406098.
2, 3, 7, 11, 293
List the prime factors of 1366383.
3, 455461
What are the prime factors of 10146933?
3, 23, 49019
What are the prime factors of 154570?
2, 5, 13, 29, 41
What are the prime factors of 214822?
2, 37, 2903
List the prime factors of 23645488.
2, 1477843
What are the prime factors of 436811?
436811
What are the prime factors of 15152247?
3, 11, 41, 3733
List the prime factors of 321746.
2, 19, 8467
List the prime factors of 233627.
307, 761
List the prime factors of 31214.
2, 15607
What are the prime factors of 131489?
131489
What are the prime factors of 444219?
3, 148073
What are the prime factors of 32817?
3, 10939
What are the prime factors of 27880?
2, 5, 17, 41
What are the prime factors of 1335223?
47, 28409
What are the prime factors of 1318167?
3, 48821
What are the prime factors of 1522897?
1522897
What are the prime factors of 11155982?
2, 5577991
List the prime factors of 9018.
2, 3, 167
What are the prime factors of 2497816?
2, 19, 16433
List the prime factors of 229411.
7, 13, 2521
What are the prime factors of 41257527?
3, 1031, 13339
List the prime factors of 535142.
2, 47, 5693
List the prime factors of 171311.
7, 24473
What are the prime factors of 1241967?
3, 173, 2393
List the prime factors of 144808.
2, 23, 787
List the prime factors of 4003736.
2, 11, 45497
What are the prime factors of 31789?
83, 383
What are the prime factors of 24188988?
2, 3, 53, 73, 521
What are the prime factors of 523097?
523097
What are the prime factors of 487594?
2, 17, 14341
List the prime factors of 154558.
2, 77279
List the prime factors of 8824430.
2, 5, 41, 21523
List the prime factors of 100348.
2, 25087
What are the prime factors of 1476591?
3, 331, 1487
What are the prime factors of 41751?
3, 4639
List the prime factors of 759893.
759893
What are the prime factors of 2140040?
2, 5, 7, 7643
What are the prime factors of 7241776?
2, 452611
List the prime factors of 4541331.
3, 1513777
List the prime factors of 487960.
2, 5, 11, 1109
List the prime factors of 374839.
374839
List the prime factors of 229256.
2, 28657
List the prime factors of 14106842.
2, 37, 190633
What are the prime factors of 3593201?
3593201
List the prime factors of 6309622.
2, 11, 286801
List the prime factors of 9257165.
5, 1851433
What are the prime factors of 794657?
794657
List the prime factors of 65078.
2, 13, 2503
List the prime factors of 1755037.
1755037
What are the prime factors of 510336?
2, 3, 443
What are the prime factors of 60239?
59, 1021
List the prime factors of 1100124.
2, 3, 30559
What are the prime factors of 11645641?
7, 523, 3181
What are the prime factors of 46253?
23, 2011
List the prime factors of 1997143.
17, 29, 4051
List the prime factors of 695061.
3, 8581
List the prime factors of 1884576.
2, 3, 67, 293
List the prime factors of 156530.
2, 5, 11, 1423
List the prime factors of 11267122.
2, 47, 67, 1789
List the prime factors of 2375144.
2, 359, 827
What are the prime factors of 529072?
2, 43, 769
List the prime factors of 237886.
2, 11, 983
What are the prime factors of 10768673?
673, 16001
What are the prime factors of 10929315?
3, 5, 167, 4363
What are the prime factors of 2694550?
2, 5, 53891
What are the prime factors of 361803?
3, 13, 9277
What are the prime factors of 2749401?
3, 305489
What are the prime factors of 48027?
3, 7, 2287
What are the prime factors of 372744?
2, 3, 31, 167
What are the prime factors of 766574?
2, 19, 20173
What are the prime factors of 90627?
3, 17, 1777
List the prime factors of 2881767.
3, 7, 41, 3347
What are the prime factors of 1791638?
2, 43, 83, 251
What are the prime factors of 143101?
7, 20443
List the prime factors of 1130201.
757, 1493
What are the prime factors of 157796?
2, 103, 383
List the prime factors of 2946284.
2, 11, 29, 2309
What are the prime factors of 392574?
2, 3, 7, 13, 719
List the prime factors of 25097989.
7, 137, 26171
What are the prime factors of 3830225?
5, 7, 43, 509
What are the prime factors of 4139555?
5, 7, 118273
What are the prime factors of 2548676?
2, 13, 23, 2131
What are the prime factors of 216660?
2, 3, 5, 23, 157
What are the prime factors of 3057260?
2, 5, 71, 2153
What are the prime factors of 30414561?
3, 103, 98429
List the prime factors of 46566.
2, 3, 13, 199
List the prime factors of 100519.
100519
List the prime factors of 653335.
5, 41, 3187
List the prime factors of 4025603.
79, 50957
What are the prime factors of 812483?
7, 37, 3137
List the prime factors of 17702059.
1879, 9421
List the prime factors of 55531.
7, 7933
List the prime factors of 8112226.
2, 67, 60539
What are the prime factors of 298493?
13, 22961
List the prime factors of 44365.
5, 19, 467
List the prime factors of 3090686.
2, 1545343
What are the prime factors of 268748?
2, 67187
List the prime factors of 16214989.
7, 827, 2801
What are the prime factors of 277759?
37, 7507
List the prime factors of 3069938.
2, 1534969
List the prime factors of 4789294.
2, 67, 103, 347
List the prime factors of 814316.
2, 203579
List the prime factors of 1901235.
3, 5, 7, 19, 953
What are the prime factors of 33438?
2, 3, 5573
What are the prime factors of 12644610?
2, 3, 5, 11, 38317
What are the prime factors of 1159043?
17, 29, 2351
List the prime factors of 2488466.
2, 1244233
List the prime factors of 33391295.
5, 7, 73, 1867
List the prime factors of 548741.
73, 7517
What are the prime factors of 4151172?
2, 3, 53, 61, 107
What are the prime factors of 6313963?
107, 59009
List the prime factors of 1344387.
3, 11, 40739
List the prime factors of 232100.
2, 5, 11, 211
List the prime factors of 13046618.
2, 13, 337, 1489
List the prime factors of 311006.
2, 23, 6761
What are the prime factors of 1380513?
3, 460171
What are the prime factors of 1880383?
41, 45863
List the prime factors of 236791.
107, 2213
List the prime factors of 52777.
89, 593
List the prime factors of 634011.
3, 7, 19, 227
List the prime factors of 6722680.
2, 5, 168067
What are the prime factors of 7454617?
619, 12043
List the prime factors of 373853.
173, 2161
What are the prime factors of 20626019?
577, 35747
List the prime factors of 1222659.
3, 135851
What are the prime factors of 7700454?
2, 3, 142601
What are the prime factors of 147736?
2, 59, 313
What are the prime factors of 102434?
2, 51217
List the prime factors of 4789484.
2, 7, 171053
What are the prime factors of 825592?
2, 31, 3329
List the prime factors of 10661297.
10661297
What are the prime factors of 876213?
3, 13, 7489
List the prime factors of 1054922.
2, 11, 47951
List the prime factors of 328492.
2, 41, 2003
List the prime factors of 866640.
2, 3, 5, 23, 157
List the prime factors of 32013097.
149, 214853
What are the prime factors of 1076756?
2, 269189
What are the prime factors of 2422332?
2, 3, 11, 2039
What are the prime factors of 4080680?
2, 5, 17, 353
List the prime factors of 58526.
2, 13, 2251
What are the prime factors of 391397?
391397
List the prime factors of 1261448.
2, 19, 43, 193
What are the prime factors of 277133?
431, 643
List the prime factors of 38001.
3, 53, 239
What are the prime factors of 759555?
3, 5, 16879
List the prime factors of 3912376.
2, 13, 37619
What are the prime factors of 224984?
2, 28123
List the prime factors of 314203.
19, 23, 719
What are the prime factors of 351598?
2, 13, 13523
List the prime factors of 1440217.
73, 109, 181
What are the prime factors of 201339?
3, 7457
List the prime factors of 4259139.
3, 1419713
What are the prime factors of 394543?
41, 9623
What are the prime factors of 9070390?
2, 5, 7, 107, 173
What are the prime factors of 598591?
7, 85513
List the prime factors of 1209984.
2, 3, 23, 137
List the prime factors of 1631061.
3, 127, 1427
What are the prime factors of 7050895?
5, 1410179
List the prime factors of 90307.
7, 19, 97
What are the prime factors of 16359073?
229, 71437
List the prime factors of 7668588.
2, 3, 639049
List the prime factors of 335212.
2, 181, 463
What are the prime factors of 929058?
2, 3, 13, 43, 277
What are the prime factors of 10127093?
311, 32563
What are the prime factors of 3053485?
5, 463, 1319
What are the prime factors of 124392?
2, 3